{"id":2363,"date":"2023-02-26T09:59:14","date_gmt":"2023-02-26T06:59:14","guid":{"rendered":"https:\/\/kizilayismakinelerikursu.com\/?page_id=2363"},"modified":"2023-02-26T09:59:14","modified_gmt":"2023-02-26T06:59:14","slug":"src-5-belgesi","status":"publish","type":"page","link":"https:\/\/kizilayismakinelerikursu.com\/index.php\/src-5-belgesi\/","title":{"rendered":"Src 5 Belgesi"},"content":{"rendered":"\t\t<div data-elementor-type=\"wp-page\" data-elementor-id=\"2363\" class=\"elementor elementor-2363\">\n\t\t\t\t\t\t<section class=\"elementor-section elementor-top-section elementor-element elementor-element-9c46a1f elementor-section-boxed elementor-section-height-default elementor-section-height-default\" data-id=\"9c46a1f\" data-element_type=\"section\">\n\t\t\t\t\t\t<div class=\"elementor-container elementor-column-gap-default\">\n\t\t\t\t\t<div class=\"elementor-column elementor-col-100 elementor-top-column elementor-element elementor-element-a92b486\" data-id=\"a92b486\" data-element_type=\"column\">\n\t\t\t<div class=\"elementor-widget-wrap elementor-element-populated\">\n\t\t\t\t\t\t<div class=\"elementor-element elementor-element-695462b elementor-widget elementor-widget-heading\" data-id=\"695462b\" data-element_type=\"widget\" data-widget_type=\"heading.default\">\n\t\t\t\t<div class=\"elementor-widget-container\">\n\t\t\t<style>\/*! elementor - v3.21.0 - 18-04-2024 *\/\n.elementor-heading-title{padding:0;margin:0;line-height:1}.elementor-widget-heading .elementor-heading-title[class*=elementor-size-]>a{color:inherit;font-size:inherit;line-height:inherit}.elementor-widget-heading .elementor-heading-title.elementor-size-small{font-size:15px}.elementor-widget-heading .elementor-heading-title.elementor-size-medium{font-size:19px}.elementor-widget-heading .elementor-heading-title.elementor-size-large{font-size:29px}.elementor-widget-heading .elementor-heading-title.elementor-size-xl{font-size:39px}.elementor-widget-heading .elementor-heading-title.elementor-size-xxl{font-size:59px}<\/style><h2 class=\"elementor-heading-title elementor-size-default\">Src 5 Belgesi<\/h2>\t\t<\/div>\n\t\t\t\t<\/div>\n\t\t\t\t\t<\/div>\n\t\t<\/div>\n\t\t\t\t\t<\/div>\n\t\t<\/section>\n\t\t\t\t<section class=\"elementor-section elementor-top-section elementor-element elementor-element-a7ca36d elementor-section-boxed elementor-section-height-default elementor-section-height-default\" data-id=\"a7ca36d\" data-element_type=\"section\">\n\t\t\t\t\t\t<div class=\"elementor-container elementor-column-gap-default\">\n\t\t\t\t\t<div class=\"elementor-column elementor-col-100 elementor-top-column elementor-element elementor-element-959da8a\" data-id=\"959da8a\" data-element_type=\"column\">\n\t\t\t<div class=\"elementor-widget-wrap elementor-element-populated\">\n\t\t\t\t\t\t<div class=\"elementor-element elementor-element-005bb1e elementor-widget elementor-widget-image\" data-id=\"005bb1e\" data-element_type=\"widget\" data-widget_type=\"image.default\">\n\t\t\t\t<div class=\"elementor-widget-container\">\n\t\t\t<style>\/*! elementor - v3.21.0 - 18-04-2024 *\/\n.elementor-widget-image{text-align:center}.elementor-widget-image a{display:inline-block}.elementor-widget-image a img[src$=\".svg\"]{width:48px}.elementor-widget-image img{vertical-align:middle;display:inline-block}<\/style>\t\t\t\t\t\t\t\t\t\t<img decoding=\"async\" src=\"https:\/\/kizilayismakinelerikursu.com\/wp-content\/uploads\/2023\/02\/Src-5-Belgesi.jpg\" title=\"\" alt=\"\" loading=\"lazy\" \/>\t\t\t\t\t\t\t\t\t\t\t\t\t<\/div>\n\t\t\t\t<\/div>\n\t\t\t\t\t<\/div>\n\t\t<\/div>\n\t\t\t\t\t<\/div>\n\t\t<\/section>\n\t\t\t\t<section class=\"elementor-section elementor-top-section elementor-element elementor-element-ad6b0e0 elementor-section-boxed elementor-section-height-default elementor-section-height-default\" data-id=\"ad6b0e0\" data-element_type=\"section\">\n\t\t\t\t\t\t<div class=\"elementor-container elementor-column-gap-default\">\n\t\t\t\t\t<div class=\"elementor-column elementor-col-100 elementor-top-column elementor-element elementor-element-63adb3e\" data-id=\"63adb3e\" data-element_type=\"column\">\n\t\t\t<div class=\"elementor-widget-wrap elementor-element-populated\">\n\t\t\t\t\t\t<div class=\"elementor-element elementor-element-b56d31e elementor-widget elementor-widget-text-editor\" data-id=\"b56d31e\" data-element_type=\"widget\" data-widget_type=\"text-editor.default\">\n\t\t\t\t<div class=\"elementor-widget-container\">\n\t\t\t<style>\/*! elementor - v3.21.0 - 18-04-2024 *\/\n.elementor-widget-text-editor.elementor-drop-cap-view-stacked .elementor-drop-cap{background-color:#69727d;color:#fff}.elementor-widget-text-editor.elementor-drop-cap-view-framed .elementor-drop-cap{color:#69727d;border:3px solid;background-color:transparent}.elementor-widget-text-editor:not(.elementor-drop-cap-view-default) .elementor-drop-cap{margin-top:8px}.elementor-widget-text-editor:not(.elementor-drop-cap-view-default) .elementor-drop-cap-letter{width:1em;height:1em}.elementor-widget-text-editor .elementor-drop-cap{float:left;text-align:center;line-height:1;font-size:50px}.elementor-widget-text-editor .elementor-drop-cap-letter{display:inline-block}<\/style>\t\t\t\t<h1 align=\"center\" style=\"margin-bottom: 12px; font-size: 39px; font-family: Montserrat; font-weight: 500; line-height: 48px; color: rgb(89, 89, 89); width: 1140px; vertical-align: bottom; word-break: break-word; letter-spacing: normal;\"><span style=\"color: rgb(255, 0, 0);\"><span style=\"font-weight: 700;\">SRC 5 BELGES\u0130 E\u011e\u0130T\u0130M\u0130<\/span><\/span><\/h1><p align=\"center\" style=\"margin-bottom: 0px; padding: 0px 0px 12px; color: rgb(149, 149, 149); font-family: &quot;Open Sans&quot;; font-size: 15px;\"><span style=\"color: rgb(128, 0, 0);\"><span style=\"font-weight: 700;\">TEHL\u0130KEL\u0130 MADDE TA\u015eIMACILI\u011eI E\u011e\u0130T\u0130M\u0130<\/span><\/span><\/p><p align=\"center\" style=\"margin-bottom: 0px; padding: 0px 0px 12px; color: rgb(149, 149, 149); font-family: &quot;Open Sans&quot;; font-size: 15px;\"><span style=\"color: rgb(128, 0, 0);\"><span style=\"font-weight: 700;\">Kurumumuzda Verilen Adr \/ Src 5 Belgesi T\u00fcrleri<\/span><\/span><\/p><p class=\"auto-style1\" style=\"margin-bottom: 0px; padding: 0px 0px 12px; color: rgb(149, 149, 149); font-family: &quot;Open Sans&quot;; font-size: 15px;\"><span style=\"font-weight: 700;\">&nbsp;<span style=\"color: rgb(255, 0, 0);\">Src 5 Temel E\u011fitim<\/span>&nbsp;\u2013 18 saat Teorik + 1 Saat uygulama<\/span><br><span style=\"font-weight: 700;\">&nbsp;<span style=\"color: rgb(255, 0, 0);\">Tank E\u011fitimi&nbsp;<\/span>&nbsp;\u2013 12 saat + 1 Saat uygulama<\/span><br><span style=\"font-weight: 700;\">&nbsp;<span style=\"color: rgb(255, 0, 0);\">S\u0131n\u0131f 1 Patlay\u0131c\u0131 Madde Belgesi<\/span>&nbsp;\u2013 8 saat<\/span><br><span style=\"font-weight: 700;\"><span style=\"color: rgb(255, 0, 0);\">&nbsp;S\u0131n\u0131f 7 Radyoaktif Belgesi<\/span>&nbsp;\u2013 8 saat<\/span><\/p><p style=\"margin-bottom: 0px; padding: 0px 0px 12px; color: rgb(149, 149, 149); font-family: &quot;Open Sans&quot;; font-size: 15px;\"><span style=\"color: rgb(255, 0, 0);\"><span style=\"font-weight: 700;\">Src 5 belgesini kimler al\u0131r?<br><\/span><\/span>&nbsp;Tehlikeli Madde Ta\u015f\u0131yan Ara\u00e7 S\u00fcr\u00fcleri<br><span style=\"font-weight: 700;\"><br><span style=\"color: rgb(255, 0, 0);\">Src 5 belgesini alman\u0131n \u015fartlar\u0131;<\/span><\/span><br><i><u><span style=\"font-weight: 700;\">19<\/span><\/u><\/i>&nbsp;ya\u015f\u0131ndan g\u00fcn almalar\u0131,<br><u><i><span style=\"font-weight: 700;\">66<\/span><\/i><\/u>&nbsp;ya\u015f\u0131ndan b\u00fcy\u00fck olmamalar\u0131,<br>Src3 yada src4 belgesine sahip olmak<br><span style=\"font-weight: 700;\"><br><span style=\"color: rgb(255, 0, 0);\">Ba\u015fvuru \u0130\u00e7in Gerekli Evraklar\u0131;<\/span><\/span><br>N\u00fcfus c\u00fczdan\u0131 fotokopisi (T.C. No. i\u015flenmi\u015f)<br>Ehliyet fotokopisi<br>SRC-3 veya SRC-4 fotokopisi<br>2 adet vesikal\u0131k foto\u011fraf<\/p><p align=\"left\" style=\"margin-bottom: 0px; padding: 0px 0px 12px; color: rgb(149, 149, 149); font-family: &quot;Open Sans&quot;; font-size: 15px;\"><span style=\"color: rgb(255, 0, 0);\"><span style=\"font-weight: 700;\">Yaz\u0131l\u0131 S\u0131nav:&nbsp;<\/span><\/span><br>Kurs sonunda E\u011fitim Merkezimizce \u00f6n s\u0131nav yap\u0131lacak olup, bu s\u0131nav\u0131 ba\u015faran kat\u0131l\u0131mc\u0131lara E\u011fitim tamamlama belgesi verilecektir. TC Ula\u015ft\u0131rma, Denizcilik ve Haberle\u015fme Bakanl\u0131\u011f\u0131 taraf\u0131ndan genel yaz\u0131l\u0131 s\u0131nav yap\u0131lacakt\u0131r. S\u0131navlar belirli aral\u0131klarla yap\u0131lacak olup, s\u0131nav g\u00fcnleri y\u0131lda 6 kez olmak \u00fczere belirlenmi\u015ftir. Yap\u0131lan s\u0131navda 100 puan \u00fczerinden en az 60 puan al\u0131nmas\u0131 ba\u015far\u0131l\u0131 olunmas\u0131 i\u00e7in yeterlidir. Not: Bu s\u0131navda 40 soru uygulanmaktad\u0131r.<\/p>\t\t\t\t\t\t<\/div>\n\t\t\t\t<\/div>\n\t\t\t\t\t<\/div>\n\t\t<\/div>\n\t\t\t\t\t<\/div>\n\t\t<\/section>\n\t\t\t\t<\/div>\n\t\t\n    <div class=\"xs_social_share_widget xs_share_url after_content \t\tmain_content  wslu-style-1 wslu-share-box-shaped wslu-fill-colored wslu-none wslu-share-horizontal wslu-theme-font-no wslu-main_content\">\n\n\t\t\n        <ul>\n\t\t\t        <\/ul>\n    <\/div> \n","protected":false},"excerpt":{"rendered":"<p>Src 5 Belgesi SRC 5 BELGES\u0130 E\u011e\u0130T\u0130M\u0130 TEHL\u0130KEL\u0130 MADDE TA\u015eIMACILI\u011eI E\u011e\u0130T\u0130M\u0130 Kurumumuzda Verilen Adr \/ Src 5 Belgesi T\u00fcrleri &nbsp;Src 5 Temel E\u011fitim&nbsp;\u2013 18 saat Teorik + 1 Saat uygulama&nbsp;Tank E\u011fitimi&nbsp;&nbsp;\u2013 12 saat + 1 Saat uygulama&nbsp;S\u0131n\u0131f 1 Patlay\u0131c\u0131 Madde Belgesi&nbsp;\u2013 8 saat&nbsp;S\u0131n\u0131f 7 Radyoaktif Belgesi&nbsp;\u2013 8 saat Src 5<\/p>\n","protected":false},"author":1,"featured_media":0,"parent":0,"menu_order":0,"comment_status":"closed","ping_status":"closed","template":"","meta":{"inline_featured_image":false,"footnotes":""},"class_list":["post-2363","page","type-page","status-publish","hentry"],"_links":{"self":[{"href":"https:\/\/kizilayismakinelerikursu.com\/index.php\/wp-json\/wp\/v2\/pages\/2363","targetHints":{"allow":["GET"]}}],"collection":[{"href":"https:\/\/kizilayismakinelerikursu.com\/index.php\/wp-json\/wp\/v2\/pages"}],"about":[{"href":"https:\/\/kizilayismakinelerikursu.com\/index.php\/wp-json\/wp\/v2\/types\/page"}],"author":[{"embeddable":true,"href":"https:\/\/kizilayismakinelerikursu.com\/index.php\/wp-json\/wp\/v2\/users\/1"}],"replies":[{"embeddable":true,"href":"https:\/\/kizilayismakinelerikursu.com\/index.php\/wp-json\/wp\/v2\/comments?post=2363"}],"version-history":[{"count":0,"href":"https:\/\/kizilayismakinelerikursu.com\/index.php\/wp-json\/wp\/v2\/pages\/2363\/revisions"}],"wp:attachment":[{"href":"https:\/\/kizilayismakinelerikursu.com\/index.php\/wp-json\/wp\/v2\/media?parent=2363"}],"curies":[{"name":"wp","href":"https:\/\/api.w.org\/{rel}","templated":true}]}}