{"id":2259,"date":"2023-02-26T01:23:39","date_gmt":"2023-02-25T22:23:39","guid":{"rendered":"https:\/\/kizilayismakinelerikursu.com\/?page_id=2259"},"modified":"2023-02-26T01:23:39","modified_gmt":"2023-02-25T22:23:39","slug":"yakit-tuketim-hesabi","status":"publish","type":"page","link":"https:\/\/kizilayismakinelerikursu.com\/index.php\/yakit-tuketim-hesabi\/","title":{"rendered":"Yak\u0131t T\u00fcketim Hesab\u0131"},"content":{"rendered":"\t\t<div data-elementor-type=\"wp-page\" data-elementor-id=\"2259\" class=\"elementor elementor-2259\">\n\t\t\t\t\t\t<section class=\"elementor-section elementor-top-section elementor-element elementor-element-6be9792 elementor-section-boxed elementor-section-height-default elementor-section-height-default\" data-id=\"6be9792\" data-element_type=\"section\">\n\t\t\t\t\t\t<div class=\"elementor-container elementor-column-gap-default\">\n\t\t\t\t\t<div class=\"elementor-column elementor-col-100 elementor-top-column elementor-element elementor-element-9f35175\" data-id=\"9f35175\" data-element_type=\"column\">\n\t\t\t<div class=\"elementor-widget-wrap elementor-element-populated\">\n\t\t\t\t\t\t<div class=\"elementor-element elementor-element-7d1b7aa elementor-widget elementor-widget-heading\" data-id=\"7d1b7aa\" data-element_type=\"widget\" data-widget_type=\"heading.default\">\n\t\t\t\t<div class=\"elementor-widget-container\">\n\t\t\t<style>\/*! elementor - v3.21.0 - 18-04-2024 *\/\n.elementor-heading-title{padding:0;margin:0;line-height:1}.elementor-widget-heading .elementor-heading-title[class*=elementor-size-]>a{color:inherit;font-size:inherit;line-height:inherit}.elementor-widget-heading .elementor-heading-title.elementor-size-small{font-size:15px}.elementor-widget-heading .elementor-heading-title.elementor-size-medium{font-size:19px}.elementor-widget-heading .elementor-heading-title.elementor-size-large{font-size:29px}.elementor-widget-heading .elementor-heading-title.elementor-size-xl{font-size:39px}.elementor-widget-heading .elementor-heading-title.elementor-size-xxl{font-size:59px}<\/style><h2 class=\"elementor-heading-title elementor-size-default\">Yak\u0131t T\u00fcketim Hesab\u0131<\/h2>\t\t<\/div>\n\t\t\t\t<\/div>\n\t\t\t\t\t<\/div>\n\t\t<\/div>\n\t\t\t\t\t<\/div>\n\t\t<\/section>\n\t\t\t\t<section class=\"elementor-section elementor-top-section elementor-element elementor-element-605ebd4 elementor-section-boxed elementor-section-height-default elementor-section-height-default\" data-id=\"605ebd4\" data-element_type=\"section\">\n\t\t\t\t\t\t<div class=\"elementor-container elementor-column-gap-default\">\n\t\t\t\t\t<div class=\"elementor-column elementor-col-100 elementor-top-column elementor-element elementor-element-b207331\" data-id=\"b207331\" data-element_type=\"column\">\n\t\t\t<div class=\"elementor-widget-wrap elementor-element-populated\">\n\t\t\t\t\t\t<div class=\"elementor-element elementor-element-4cfcb01 elementor-widget elementor-widget-text-editor\" data-id=\"4cfcb01\" data-element_type=\"widget\" data-widget_type=\"text-editor.default\">\n\t\t\t\t<div class=\"elementor-widget-container\">\n\t\t\t<style>\/*! elementor - v3.21.0 - 18-04-2024 *\/\n.elementor-widget-text-editor.elementor-drop-cap-view-stacked .elementor-drop-cap{background-color:#69727d;color:#fff}.elementor-widget-text-editor.elementor-drop-cap-view-framed .elementor-drop-cap{color:#69727d;border:3px solid;background-color:transparent}.elementor-widget-text-editor:not(.elementor-drop-cap-view-default) .elementor-drop-cap{margin-top:8px}.elementor-widget-text-editor:not(.elementor-drop-cap-view-default) .elementor-drop-cap-letter{width:1em;height:1em}.elementor-widget-text-editor .elementor-drop-cap{float:left;text-align:center;line-height:1;font-size:50px}.elementor-widget-text-editor .elementor-drop-cap-letter{display:inline-block}<\/style>\t\t\t\t<p class=\"style13\" align=\"justify\"><strong>Otomobilinizin yak\u0131t t\u00fcketimi ne kadar, biliyor musunuz?<\/strong><\/p><p>Kulland\u0131\u011f\u0131n\u0131z arac\u0131n yak\u0131t t\u00fcketimini hesaplayabilmeniz i\u00e7in a\u015fa\u011f\u0131daki tabloya en az iki verinin do\u011fru girilmesi gerekiyor. Bu de\u011ferler deponuza doldurdu\u011funuz \u201c<strong>yak\u0131t miktar\u0131<\/strong>\u201d ve bu yak\u0131t miktar\u0131yla \u201c<strong>katedilen yol<\/strong>\u201cun uzunlu\u011fu.<br \/>E\u011fer \u201cKilometrede ka\u00e7 para yak\u0131yor?\u201d sorusunun cevab\u0131n\u0131 da merak ediyorsan\u0131z,\u00a0<strong>\u201cKulland\u0131\u011f\u0131n\u0131z yak\u0131t\u0131n litre fiyat\u0131n\u0131\u201d<\/strong>\u00a0da bilmeniz gerekiyor.<br \/>Bu de\u011ferlerle do\u011fru bir hesap yapmak i\u00e7in:<\/p><p><strong>1 \u2013<\/strong>\u00a0Deponuzu kapa\u011fa kadar yak\u0131tla doldurun,<br \/><strong>2 \u2013<\/strong>\u00a0G\u00fcnl\u00fck kilometre sayac\u0131n\u0131z\u0131 s\u0131f\u0131rlay\u0131n,<br \/><strong>3 \u2013<\/strong>\u00a0100-200 km yada daha uzun yol yapt\u0131ktan sonra ayn\u0131 benzincide ayn\u0131 pompada deponuzu tekrar kapa\u011fa kadar doldurun ve litre de\u011ferini not edin.<br \/><strong>4 \u2013\u00a0<\/strong>Otomobilinize bindi\u011finizde g\u00fcnl\u00fck km de\u011ferini not edin.<br \/><strong>5 \u2013<\/strong>\u00a0Ald\u0131\u011f\u0131n\u0131z yak\u0131t\u0131n litre fiyat\u0131n\u0131 not edin.<\/p>\t\t\t\t\t\t<\/div>\n\t\t\t\t<\/div>\n\t\t\t\t\t<\/div>\n\t\t<\/div>\n\t\t\t\t\t<\/div>\n\t\t<\/section>\n\t\t\t\t<\/div>\n\t\t\n    <div class=\"xs_social_share_widget xs_share_url after_content \t\tmain_content  wslu-style-1 wslu-share-box-shaped wslu-fill-colored wslu-none wslu-share-horizontal wslu-theme-font-no wslu-main_content\">\n\n\t\t\n        <ul>\n\t\t\t        <\/ul>\n    <\/div> \n","protected":false},"excerpt":{"rendered":"<p>Yak\u0131t T\u00fcketim Hesab\u0131 Otomobilinizin yak\u0131t t\u00fcketimi ne kadar, biliyor musunuz? Kulland\u0131\u011f\u0131n\u0131z arac\u0131n yak\u0131t t\u00fcketimini hesaplayabilmeniz i\u00e7in a\u015fa\u011f\u0131daki tabloya en az iki verinin do\u011fru girilmesi gerekiyor. Bu de\u011ferler deponuza doldurdu\u011funuz \u201cyak\u0131t miktar\u0131\u201d ve bu yak\u0131t miktar\u0131yla \u201ckatedilen yol\u201cun uzunlu\u011fu.E\u011fer \u201cKilometrede ka\u00e7 para yak\u0131yor?\u201d sorusunun cevab\u0131n\u0131 da merak ediyorsan\u0131z,\u00a0\u201cKulland\u0131\u011f\u0131n\u0131z yak\u0131t\u0131n litre fiyat\u0131n\u0131\u201d\u00a0da<\/p>\n","protected":false},"author":1,"featured_media":0,"parent":0,"menu_order":0,"comment_status":"closed","ping_status":"closed","template":"","meta":{"inline_featured_image":false,"footnotes":""},"class_list":["post-2259","page","type-page","status-publish","hentry"],"_links":{"self":[{"href":"https:\/\/kizilayismakinelerikursu.com\/index.php\/wp-json\/wp\/v2\/pages\/2259","targetHints":{"allow":["GET"]}}],"collection":[{"href":"https:\/\/kizilayismakinelerikursu.com\/index.php\/wp-json\/wp\/v2\/pages"}],"about":[{"href":"https:\/\/kizilayismakinelerikursu.com\/index.php\/wp-json\/wp\/v2\/types\/page"}],"author":[{"embeddable":true,"href":"https:\/\/kizilayismakinelerikursu.com\/index.php\/wp-json\/wp\/v2\/users\/1"}],"replies":[{"embeddable":true,"href":"https:\/\/kizilayismakinelerikursu.com\/index.php\/wp-json\/wp\/v2\/comments?post=2259"}],"version-history":[{"count":0,"href":"https:\/\/kizilayismakinelerikursu.com\/index.php\/wp-json\/wp\/v2\/pages\/2259\/revisions"}],"wp:attachment":[{"href":"https:\/\/kizilayismakinelerikursu.com\/index.php\/wp-json\/wp\/v2\/media?parent=2259"}],"curies":[{"name":"wp","href":"https:\/\/api.w.org\/{rel}","templated":true}]}}