{"id":2229,"date":"2023-02-25T17:18:42","date_gmt":"2023-02-25T14:18:42","guid":{"rendered":"https:\/\/kizilayismakinelerikursu.com\/?page_id=2229"},"modified":"2023-02-25T17:18:42","modified_gmt":"2023-02-25T14:18:42","slug":"ehliyet-gerekli-evraklar","status":"publish","type":"page","link":"https:\/\/kizilayismakinelerikursu.com\/index.php\/ehliyet-gerekli-evraklar\/","title":{"rendered":"Ehliyet Gerekli Evraklar"},"content":{"rendered":"\t\t<div data-elementor-type=\"wp-page\" data-elementor-id=\"2229\" class=\"elementor elementor-2229\">\n\t\t\t\t\t\t<section class=\"elementor-section elementor-top-section elementor-element elementor-element-10d77ce elementor-section-boxed elementor-section-height-default elementor-section-height-default\" data-id=\"10d77ce\" data-element_type=\"section\">\n\t\t\t\t\t\t<div class=\"elementor-container elementor-column-gap-default\">\n\t\t\t\t\t<div class=\"elementor-column elementor-col-100 elementor-top-column elementor-element elementor-element-cff511b\" data-id=\"cff511b\" data-element_type=\"column\">\n\t\t\t<div class=\"elementor-widget-wrap elementor-element-populated\">\n\t\t\t\t\t\t<div class=\"elementor-element elementor-element-ca91a6c elementor-widget elementor-widget-heading\" data-id=\"ca91a6c\" data-element_type=\"widget\" data-widget_type=\"heading.default\">\n\t\t\t\t<div class=\"elementor-widget-container\">\n\t\t\t<style>\/*! elementor - v3.21.0 - 18-04-2024 *\/\n.elementor-heading-title{padding:0;margin:0;line-height:1}.elementor-widget-heading .elementor-heading-title[class*=elementor-size-]>a{color:inherit;font-size:inherit;line-height:inherit}.elementor-widget-heading .elementor-heading-title.elementor-size-small{font-size:15px}.elementor-widget-heading .elementor-heading-title.elementor-size-medium{font-size:19px}.elementor-widget-heading .elementor-heading-title.elementor-size-large{font-size:29px}.elementor-widget-heading .elementor-heading-title.elementor-size-xl{font-size:39px}.elementor-widget-heading .elementor-heading-title.elementor-size-xxl{font-size:59px}<\/style><h2 class=\"elementor-heading-title elementor-size-default\">Ehliyet Gerekli Evraklar<\/h2>\t\t<\/div>\n\t\t\t\t<\/div>\n\t\t\t\t\t<\/div>\n\t\t<\/div>\n\t\t\t\t\t<\/div>\n\t\t<\/section>\n\t\t\t\t<section class=\"elementor-section elementor-top-section elementor-element elementor-element-6124b38 elementor-section-boxed elementor-section-height-default elementor-section-height-default\" data-id=\"6124b38\" data-element_type=\"section\">\n\t\t\t\t\t\t<div class=\"elementor-container elementor-column-gap-default\">\n\t\t\t\t\t<div class=\"elementor-column elementor-col-100 elementor-top-column elementor-element elementor-element-0e2bba0\" data-id=\"0e2bba0\" data-element_type=\"column\">\n\t\t\t<div class=\"elementor-widget-wrap elementor-element-populated\">\n\t\t\t\t\t\t<div class=\"elementor-element elementor-element-afd2ceb elementor-widget elementor-widget-image\" data-id=\"afd2ceb\" data-element_type=\"widget\" data-widget_type=\"image.default\">\n\t\t\t\t<div class=\"elementor-widget-container\">\n\t\t\t<style>\/*! elementor - v3.21.0 - 18-04-2024 *\/\n.elementor-widget-image{text-align:center}.elementor-widget-image a{display:inline-block}.elementor-widget-image a img[src$=\".svg\"]{width:48px}.elementor-widget-image img{vertical-align:middle;display:inline-block}<\/style>\t\t\t\t\t\t\t\t\t\t<img decoding=\"async\" src=\"https:\/\/kizilayismakinelerikursu.com\/wp-content\/uploads\/2023\/02\/evrak1.jpg\" title=\"\" alt=\"\" loading=\"lazy\" \/>\t\t\t\t\t\t\t\t\t\t\t\t\t<\/div>\n\t\t\t\t<\/div>\n\t\t\t\t\t<\/div>\n\t\t<\/div>\n\t\t\t\t\t<\/div>\n\t\t<\/section>\n\t\t\t\t<section class=\"elementor-section elementor-top-section elementor-element elementor-element-d869d10 elementor-section-boxed elementor-section-height-default elementor-section-height-default\" data-id=\"d869d10\" data-element_type=\"section\">\n\t\t\t\t\t\t<div class=\"elementor-container elementor-column-gap-default\">\n\t\t\t\t\t<div class=\"elementor-column elementor-col-100 elementor-top-column elementor-element elementor-element-5a8ac3a\" data-id=\"5a8ac3a\" data-element_type=\"column\">\n\t\t\t<div class=\"elementor-widget-wrap elementor-element-populated\">\n\t\t\t\t\t\t<div class=\"elementor-element elementor-element-818b253 elementor-widget elementor-widget-text-editor\" data-id=\"818b253\" data-element_type=\"widget\" data-widget_type=\"text-editor.default\">\n\t\t\t\t<div class=\"elementor-widget-container\">\n\t\t\t<style>\/*! elementor - v3.21.0 - 18-04-2024 *\/\n.elementor-widget-text-editor.elementor-drop-cap-view-stacked .elementor-drop-cap{background-color:#69727d;color:#fff}.elementor-widget-text-editor.elementor-drop-cap-view-framed .elementor-drop-cap{color:#69727d;border:3px solid;background-color:transparent}.elementor-widget-text-editor:not(.elementor-drop-cap-view-default) .elementor-drop-cap{margin-top:8px}.elementor-widget-text-editor:not(.elementor-drop-cap-view-default) .elementor-drop-cap-letter{width:1em;height:1em}.elementor-widget-text-editor .elementor-drop-cap{float:left;text-align:center;line-height:1;font-size:50px}.elementor-widget-text-editor .elementor-drop-cap-letter{display:inline-block}<\/style>\t\t\t\t<p align=\"center\"><b>S\u00dcR\u00dcC\u00dc BELGES\u0130 (EHL\u0130YET) BA\u015eVURUSU<\/b><\/p><p align=\"center\">\u00a0<\/p><ul><li>S\u00fcr\u00fcc\u00fc belgesi ba\u015fvurusu yapmak i\u00e7in, telefonla veya internetten randevu alabilirsiniz.<\/li><\/ul><p>\u00a0\u00a0\u00a0\u00a0\u00a0\u00a0\u00a0\u00a0\u2666\u00a0Telefonla 199 nolu numaradan,<\/p><p>\u00a0\u00a0\u00a0\u00a0\u00a0\u00a0\u00a0\u00a0\u2666\u00a0\u0130nternetten\u00a0<u><a href=\"https:\/\/randevu.nvi.gov.tr\/\">randevu.nvi.gov.tr<\/a><\/u>\u00a0adresinden<\/p><p>\u00a0\u00a0\u00a0\u00a0\u2666 &#8220;NVI Mobil&#8221; ak\u0131ll\u0131 telefon uygulamas\u0131ndan<\/p><p>\u00a0<\/p><p>Randevu g\u00fcn\u00fc\/saatinde, \u0130l\u00e7e N\u00fcfus M\u00fcd\u00fcrl\u00fc\u011f\u00fcne giderek, s\u0131ramatikten SIRA NUMARASI alarak ba\u015fvurunuzu ger\u00e7ekle\u015ftirebilirsiniz.<\/p><p>NOT: S\u00fcr\u00fcc\u00fc belgesi bilgilerinin, T.C. Kimlik kart\u0131na yazd\u0131r\u0131lmas\u0131 i\u015flemi i\u00e7in de randevu almak gereklidir. Bu durumda her iki belgenin de yeni tip olmas\u0131 gereklidir. \u00dccret, belge vs gerekmemektedir.<\/p><p>\u00a0<\/p><p>Ba\u015fvuruda istenilen veya elektronik sistemden kontrol edilmesi gereken belgeler<\/p><p><br \/><b><u>(1) \u0130LK KAYIT: \u0130lk kay\u0131t i\u015flemlerinde ibraz edilecek ve\/veya elektronik ortamda kontrol\u00a0edilecek bilgiler\/belgeler.<\/u><\/b><\/p><p>a) Kimlik Belgesi<br \/>b) S\u00fcr\u00fcc\u00fc Sertifikas\u0131<br \/>c) \u00d6\u011frenim Belgesi, yurtd\u0131\u015f\u0131ndan al\u0131nan \u00f6\u011frenim belgelerinin noter tasdikli terc\u00fcmesi<br \/>\u00e7) S\u00fcr\u00fcc\u00fc Sa\u011fl\u0131k Raporu<br \/>d) S\u00fcr\u00fcc\u00fc belgesi de\u011ferli k\u00e2\u011f\u0131t ve har\u00e7 bedeli, vak\u0131f pay\u0131 (A\u015fa\u011f\u0131da, g\u00fcncel \u00fccret listesi ve anla\u015fmal\u0131 bankalar bildirilmi\u015ftir.)<br \/>e) 1 adet biyometrik foto\u011fraf<br \/>f) Kan grubunu belirtir belge veya s\u00f6zl\u00fc beyan\u0131<\/p><p>\u00a0<\/p><p><b><u>(2) SINIF EKLEME: S\u00fcr\u00fcc\u00fc belgesine yeni bir s\u0131n\u0131f ekleme i\u015flemlerinde ibraz edilecek ve\/veya elektronik\u00a0ortamda kontrol edilecek bilgiler\/ belgeler.<\/u><\/b><\/p><p>a) Kimlik belgesi<br \/>b) S\u00fcr\u00fcc\u00fc sertifikas\u0131<br \/>c) \u00d6\u011frenim belgesi, yurtd\u0131\u015f\u0131ndan al\u0131nan \u00f6\u011frenim belgelerinin noter tasdikli terc\u00fcmesi<br \/>\u00e7) Kay\u0131p\/\u00c7al\u0131nt\u0131 de\u011filse mevcut s\u00fcr\u00fcc\u00fc belgesi<br \/>e) S\u00fcr\u00fcc\u00fc sa\u011fl\u0131k raporu<br \/>f) S\u00fcr\u00fcc\u00fc belgesi de\u011ferli k\u00e2\u011f\u0131t ve har\u00e7 bedeli, vak\u0131f pay\u0131\u00a0(A\u015fa\u011f\u0131da, g\u00fcncel \u00fccret listesi ve anla\u015fmal\u0131 bankalar bildirilmi\u015ftir.)<br \/>g) 1 adet biyometrik foto\u011fraf<br \/>\u011f) Kan grubunu belirtir belge veya s\u00f6zl\u00fc beyan<\/p><p>\u00a0<\/p><p><b><u>(3) YEN\u0130LEME VEYA KAYIP: S\u00fcr\u00fcc\u00fc belgesinin kay\u0131p\/\u00e7al\u0131nt\u0131, y\u0131pranma, kimlik bilgilerinde de\u011fi\u015fiklik vb.\u00a0nedenlerle yenilenmesi i\u015fleminde ibraz edilecek ve\/veya elektronik ortamda kontrol edilecek bilgiler\/belgeler.<\/u><\/b><\/p><p>a) Kimlik belgesi<br \/>b) Kay\u0131p\/\u00e7al\u0131nt\u0131 de\u011filse mevcut s\u00fcr\u00fcc\u00fc belgesi<br \/>c) S\u00fcr\u00fcc\u00fc sa\u011fl\u0131k raporu<br \/>\u00e7) S\u00fcr\u00fcc\u00fc belgesi de\u011ferli k\u00e2\u011f\u0131t bedeli ve vak\u0131f pay\u0131\u00a0(A\u015fa\u011f\u0131da, g\u00fcncel \u00fccret listesi ve anla\u015fmal\u0131 bankalar bildirilmi\u015ftir.)<br \/>d) 1 adet biyometrik foto\u011fraf<br \/>e) Kan grubunu belirtir belge veya s\u00f6zl\u00fc beyan<\/p><p>\u00a0<\/p><p><br \/><b><u>(4) D\u0131\u015f \u00fclkelerden al\u0131nan s\u00fcr\u00fcc\u00fc belgesi de\u011fi\u015ftirme i\u015flemlerinde ibraz edilecek ve\/veya\u00a0elektronik ortamda kontrol edilecek bilgiler\/belgeler.<\/u><\/b><\/p><p>a) Yabanc\u0131 s\u00fcr\u00fcc\u00fc belgesinin asl\u0131 ve renkli fotokopisi<br \/>b) Yabanc\u0131 s\u00fcr\u00fcc\u00fc belgesinin, noter veya konsolosluk onayl\u0131 T\u00fcrk\u00e7e terc\u00fcmesi<br \/>c) Kimlik belgesi<br \/>\u00e7) S\u00fcr\u00fcc\u00fc sa\u011fl\u0131k raporu<br \/>d) S\u00fcr\u00fcc\u00fc belgesi de\u011ferli k\u00e2\u011f\u0131t ve har\u00e7 bedeli, vak\u0131f pay\u0131\u00a0(A\u015fa\u011f\u0131da, g\u00fcncel \u00fccret listesi ve anla\u015fmal\u0131 bankalar bildirilmi\u015ftir.)<br \/>e) 1 adet biyometrik foto\u011fraf<br \/>f) Kan grubunu belirtir belge veya s\u00f6zl\u00fc beyan<br \/>g) \u00d6\u011frenim belgesi, yurtd\u0131\u015f\u0131ndan al\u0131nan \u00f6\u011frenim belgelerinin noter tasdikli terc\u00fcmesi<\/p><p>\u00a0<\/p><p><b>\u00dcCRET\u0130N YATIRILMASI<\/b><\/p><p>S\u00fcr\u00fcc\u00fc belgesi (ehliyet) ba\u015fvurusu i\u00e7in,\u00a0<\/p><p>\u00a0\u00a0\u00a0\u00a0\u00a0\u00a0\u00a0\u00a0<b>Anla\u015fmal\u0131 bankalara veya<\/b><\/p><p>\u00a0\u00a0\u00a0\u00a0\u00a0\u00a0\u00a0\u00a0<b>PTT&#8217;ye<\/b><\/p><p>gerekli \u00fccretin yat\u0131r\u0131lmas\u0131 gerekmektedir.<\/p>\t\t\t\t\t\t<\/div>\n\t\t\t\t<\/div>\n\t\t\t\t\t<\/div>\n\t\t<\/div>\n\t\t\t\t\t<\/div>\n\t\t<\/section>\n\t\t\t\t<\/div>\n\t\t\n    <div class=\"xs_social_share_widget xs_share_url after_content \t\tmain_content  wslu-style-1 wslu-share-box-shaped wslu-fill-colored wslu-none wslu-share-horizontal wslu-theme-font-no wslu-main_content\">\n\n\t\t\n        <ul>\n\t\t\t        <\/ul>\n    <\/div> \n","protected":false},"excerpt":{"rendered":"<p>Ehliyet Gerekli Evraklar S\u00dcR\u00dcC\u00dc BELGES\u0130 (EHL\u0130YET) BA\u015eVURUSU \u00a0 S\u00fcr\u00fcc\u00fc belgesi ba\u015fvurusu yapmak i\u00e7in, telefonla veya internetten randevu alabilirsiniz. \u00a0\u00a0\u00a0\u00a0\u00a0\u00a0\u00a0\u00a0&#x2666;\u00a0Telefonla 199 nolu numaradan, \u00a0\u00a0\u00a0\u00a0\u00a0\u00a0\u00a0\u00a0&#x2666;\u00a0\u0130nternetten\u00a0randevu.nvi.gov.tr\u00a0adresinden \u00a0\u00a0\u00a0\u00a0&#x2666; &#8220;NVI Mobil&#8221; ak\u0131ll\u0131 telefon uygulamas\u0131ndan \u00a0 Randevu g\u00fcn\u00fc\/saatinde, \u0130l\u00e7e N\u00fcfus M\u00fcd\u00fcrl\u00fc\u011f\u00fcne giderek, s\u0131ramatikten SIRA NUMARASI alarak ba\u015fvurunuzu ger\u00e7ekle\u015ftirebilirsiniz. NOT: S\u00fcr\u00fcc\u00fc belgesi bilgilerinin, T.C. Kimlik kart\u0131na yazd\u0131r\u0131lmas\u0131<\/p>\n","protected":false},"author":1,"featured_media":0,"parent":0,"menu_order":0,"comment_status":"closed","ping_status":"closed","template":"","meta":{"inline_featured_image":false,"footnotes":""},"class_list":["post-2229","page","type-page","status-publish","hentry"],"_links":{"self":[{"href":"https:\/\/kizilayismakinelerikursu.com\/index.php\/wp-json\/wp\/v2\/pages\/2229","targetHints":{"allow":["GET"]}}],"collection":[{"href":"https:\/\/kizilayismakinelerikursu.com\/index.php\/wp-json\/wp\/v2\/pages"}],"about":[{"href":"https:\/\/kizilayismakinelerikursu.com\/index.php\/wp-json\/wp\/v2\/types\/page"}],"author":[{"embeddable":true,"href":"https:\/\/kizilayismakinelerikursu.com\/index.php\/wp-json\/wp\/v2\/users\/1"}],"replies":[{"embeddable":true,"href":"https:\/\/kizilayismakinelerikursu.com\/index.php\/wp-json\/wp\/v2\/comments?post=2229"}],"version-history":[{"count":0,"href":"https:\/\/kizilayismakinelerikursu.com\/index.php\/wp-json\/wp\/v2\/pages\/2229\/revisions"}],"wp:attachment":[{"href":"https:\/\/kizilayismakinelerikursu.com\/index.php\/wp-json\/wp\/v2\/media?parent=2229"}],"curies":[{"name":"wp","href":"https:\/\/api.w.org\/{rel}","templated":true}]}}