{"id":2109,"date":"2023-02-23T22:17:21","date_gmt":"2023-02-23T19:17:21","guid":{"rendered":"https:\/\/kizilayismakinelerikursu.com\/?page_id=2109"},"modified":"2023-02-23T22:17:21","modified_gmt":"2023-02-23T19:17:21","slug":"greyder-kursu","status":"publish","type":"page","link":"https:\/\/kizilayismakinelerikursu.com\/index.php\/greyder-kursu\/","title":{"rendered":"Greyder Kursu"},"content":{"rendered":"\t\t<div data-elementor-type=\"wp-page\" data-elementor-id=\"2109\" class=\"elementor elementor-2109\">\n\t\t\t\t\t\t<section class=\"elementor-section elementor-top-section elementor-element elementor-element-81b5c1b elementor-section-boxed elementor-section-height-default elementor-section-height-default\" data-id=\"81b5c1b\" data-element_type=\"section\">\n\t\t\t\t\t\t<div class=\"elementor-container elementor-column-gap-default\">\n\t\t\t\t\t<div class=\"elementor-column elementor-col-100 elementor-top-column elementor-element elementor-element-74d311b\" data-id=\"74d311b\" data-element_type=\"column\">\n\t\t\t<div class=\"elementor-widget-wrap elementor-element-populated\">\n\t\t\t\t\t\t<div class=\"elementor-element elementor-element-e3676de elementor-widget elementor-widget-heading\" data-id=\"e3676de\" data-element_type=\"widget\" data-widget_type=\"heading.default\">\n\t\t\t\t<div class=\"elementor-widget-container\">\n\t\t\t<style>\/*! elementor - v3.21.0 - 18-04-2024 *\/\n.elementor-heading-title{padding:0;margin:0;line-height:1}.elementor-widget-heading .elementor-heading-title[class*=elementor-size-]>a{color:inherit;font-size:inherit;line-height:inherit}.elementor-widget-heading .elementor-heading-title.elementor-size-small{font-size:15px}.elementor-widget-heading .elementor-heading-title.elementor-size-medium{font-size:19px}.elementor-widget-heading .elementor-heading-title.elementor-size-large{font-size:29px}.elementor-widget-heading .elementor-heading-title.elementor-size-xl{font-size:39px}.elementor-widget-heading .elementor-heading-title.elementor-size-xxl{font-size:59px}<\/style><h2 class=\"elementor-heading-title elementor-size-default\">Greyder Kursu<\/h2>\t\t<\/div>\n\t\t\t\t<\/div>\n\t\t\t\t\t<\/div>\n\t\t<\/div>\n\t\t\t\t\t<\/div>\n\t\t<\/section>\n\t\t\t\t<section class=\"elementor-section elementor-top-section elementor-element elementor-element-d0612c8 elementor-section-boxed elementor-section-height-default elementor-section-height-default\" data-id=\"d0612c8\" data-element_type=\"section\">\n\t\t\t\t\t\t<div class=\"elementor-container elementor-column-gap-default\">\n\t\t\t\t\t<div class=\"elementor-column elementor-col-100 elementor-top-column elementor-element elementor-element-58a196d\" data-id=\"58a196d\" data-element_type=\"column\">\n\t\t\t<div class=\"elementor-widget-wrap elementor-element-populated\">\n\t\t\t\t\t\t<div class=\"elementor-element elementor-element-4c77aa6 elementor-widget elementor-widget-image\" data-id=\"4c77aa6\" data-element_type=\"widget\" data-widget_type=\"image.default\">\n\t\t\t\t<div class=\"elementor-widget-container\">\n\t\t\t<style>\/*! elementor - v3.21.0 - 18-04-2024 *\/\n.elementor-widget-image{text-align:center}.elementor-widget-image a{display:inline-block}.elementor-widget-image a img[src$=\".svg\"]{width:48px}.elementor-widget-image img{vertical-align:middle;display:inline-block}<\/style>\t\t\t\t\t\t\t\t\t\t<img decoding=\"async\" src=\"https:\/\/kizilayismakinelerikursu.com\/wp-content\/uploads\/2023\/02\/Greyder-Kursu.jpg\" title=\"\" alt=\"\" loading=\"lazy\" \/>\t\t\t\t\t\t\t\t\t\t\t\t\t<\/div>\n\t\t\t\t<\/div>\n\t\t\t\t\t<\/div>\n\t\t<\/div>\n\t\t\t\t\t<\/div>\n\t\t<\/section>\n\t\t\t\t<section class=\"elementor-section elementor-top-section elementor-element elementor-element-1b3bddf elementor-section-boxed elementor-section-height-default elementor-section-height-default\" data-id=\"1b3bddf\" data-element_type=\"section\">\n\t\t\t\t\t\t<div class=\"elementor-container elementor-column-gap-default\">\n\t\t\t\t\t<div class=\"elementor-column elementor-col-100 elementor-top-column elementor-element elementor-element-15160b6\" data-id=\"15160b6\" data-element_type=\"column\">\n\t\t\t<div class=\"elementor-widget-wrap elementor-element-populated\">\n\t\t\t\t\t\t<div class=\"elementor-element elementor-element-1a9558a elementor-widget elementor-widget-text-editor\" data-id=\"1a9558a\" data-element_type=\"widget\" data-widget_type=\"text-editor.default\">\n\t\t\t\t<div class=\"elementor-widget-container\">\n\t\t\t<style>\/*! elementor - v3.21.0 - 18-04-2024 *\/\n.elementor-widget-text-editor.elementor-drop-cap-view-stacked .elementor-drop-cap{background-color:#69727d;color:#fff}.elementor-widget-text-editor.elementor-drop-cap-view-framed .elementor-drop-cap{color:#69727d;border:3px solid;background-color:transparent}.elementor-widget-text-editor:not(.elementor-drop-cap-view-default) .elementor-drop-cap{margin-top:8px}.elementor-widget-text-editor:not(.elementor-drop-cap-view-default) .elementor-drop-cap-letter{width:1em;height:1em}.elementor-widget-text-editor .elementor-drop-cap{float:left;text-align:center;line-height:1;font-size:50px}.elementor-widget-text-editor .elementor-drop-cap-letter{display:inline-block}<\/style>\t\t\t\t<p><strong>Greyder Operat\u00f6r\u00fc<\/strong><\/p><p>Greyder Operat\u00f6r\u00fc, kendi ba\u015f\u0131na ve belirli bir s\u00fcre i\u00e7erisinde, greyder kullanarak yol ve arazide tesviye, reglaj, \u015fev kesme, hendek a\u00e7ma vb. y\u00fczey i\u015flemleri ile zemin gev\u015fetme ve kar temizleme i\u015flemlerini emniyetli bir \u015fekilde yapma bilgi ve becerisine sahip nitelikli ki\u015fidir<\/p><p>Greyder nedir?<\/p><p>Genel olarak greyderler, tesviye i\u015flerinde, \u015fey meyillendirme, hendek kazma ve yol yap\u0131m\u0131 i\u00e7in kullan\u0131lan \u00e7ok ama\u00e7l\u0131 makinalard\u0131r. Ayr\u0131ca uygun bir \u015fekilde kullan\u0131ld\u0131klar\u0131 takdirde, tesviye ve bombelik verme, kar\u0131\u015ft\u0131rma ve yayma, malzemeyi yana y\u0131\u011fma i\u015fleriyle birlikte hafif kaz\u0131ma i\u015flerinde de kullan\u0131l\u0131rlar. Bu i\u015fler greyderin b\u0131\u00e7a\u011f\u0131, kazmalar\u0131 ve riperleri ile yap\u0131l\u0131r. Greyderler a\u011f\u0131r kaz\u0131 i\u015fleri i\u00e7in (dozer gibi) uygun makinalar de\u011fildirler.<\/p><p>Greyder b\u0131\u00e7aklar\u0131na s\u0131n\u0131rlamalar\u0131na ba\u011fl\u0131 olarak istenilen herhangi bir a\u00e7\u0131 verilebilir. B\u0131\u00e7a\u011f\u0131n yap\u0131sal kuvveti ve duru\u015fu, greyderin dozer gibi i\u015f yapmas\u0131n\u0131 \u00f6n ler. Greyderler, yaln\u0131z orta sert malzemede derin olmayan kaz\u0131lar yapabilirler.<\/p><p>Greyderlerde normal b\u0131\u00e7ak durumlar\u0131;<\/p><p>\u2013 Hendek kaz\u0131 pozisyonu,<br \/>\u2013 Y\u00fcksek \u015fey kaz\u0131s\u0131 pozisyonu,<br \/>\u2013 D\u00fcz taban hendek kaz\u0131s\u0131 pozisyonu gibi i\u015flerde ayarlanabilir.<\/p><p>Greyderlerin arka ve \u00f6n tekerleklerindeki lastik di\u015fleri d\u00f6n\u00fc\u015f y\u00f6n\u00fcne g\u00f6re birbirlerine z\u0131tt\u0131rlar. Arka tekerleklerin g\u00fc\u00e7 ile \u00e7al\u0131\u015fmas\u0131 ve yer ile temas halinde bulunan \u201cV\u201d di\u015fi noktas\u0131n\u0131n daha iyi \u00e7ekme yapmas\u0131 \u00f6n ve arka tekerlek di\u015flerinin birbirine ters olmas\u0131ndan kaynaklan\u0131r. \u00d6n tekerlekler arka tekerleklere g\u00f6re daha ge\u00e7 a\u015f\u0131n\u0131rlar. \u00d6n tekerleklerin gerekti\u011finde sa\u011fa ve sola do\u011fru yat\u0131r\u0131labilir olmas\u0131, keskin d\u00f6n\u00fc\u015flerde avantaj sa\u011flamakta ve greyderin \u00f6n tarafin\u0131n kaz\u0131 y\u00f6n\u00fcne do\u011fru \u00e7ekilmesini engellemektedir.<\/p><p>Lastiklerin di\u015f durumuna g\u00f6re tak\u0131lmas\u0131n\u0131n cer i\u015fleminde ve lasti\u011fin kendi kendini temizlemesinde fonksiyonu b\u00fcy\u00fckt\u00fcr. Greyder lastiklerinin yanaklar\u0131nda tak\u0131lma \u015fekli \u201cOK\u201d ile g\u00f6sterilmi\u015ftir. Yanl\u0131\u015f tak\u0131lan lastiklerin di\u015fleri aras\u0131na pislik dolaca\u011f\u0131 i\u00e7in cer g\u00fcc\u00fc azalacakt\u0131r<\/p><p>Greyderin Kullan\u0131ld\u0131\u011f\u0131 Yerler<\/p><p>\u2013 Zemin tesviye ve \u015fekil verme i\u015flerinde,<br \/>\u2013 Yol drenaj hendekleri kaz\u0131lar\u0131nda,<br \/>\u2013 Hendek \u015fevlerinin d\u00fczeltilmesinde,<br \/>\u2013 Zemin \u00fcst\u00fc art\u0131k tabakalar\u0131n kaz\u0131nmas\u0131nda,<br \/>\u2013 Kar k\u00fcr\u00fcme i\u015flerinde,<br \/>\u2013 Yol bak\u0131m\u0131nda dolmu\u015f hendeklerin temizlenmesinde,<br \/>\u2013 Bozulmu\u015f olan yol sat\u0131hlar\u0131n\u0131n d\u00fczeltilmesinde<br \/>\u2013 Asfalt serim i\u015fleri gibi i\u015flerde kullan\u0131l\u0131rlar<\/p><p>Greyder \u00c7e\u015fitleri<\/p><p>\u015ease yap\u0131s\u0131na g\u00f6re;<\/p><p>1. D\u00fcz \u015fase greyderler<br \/>2. Belden k\u0131rma greyderler<\/p><p>Kuvvet kontrol sistemlerine g\u00f6re greyderler;<\/p><p>1. Mekanik sistemli greyderler<br \/>2. Hidrolik sistemli greyderler<br \/>3. Hem hidrolik hem de mekanik sistemli greyderler<\/p><p>Greyder\u2019in B\u0131\u00e7ak Sistemi<\/p><p>Yol yap\u0131mlar\u0131, yol bak\u0131mlar\u0131, \u00f6nden yap\u0131lan d\u00fczeltme i\u015fleri, kar ve buz karma i\u015fleri greyderlerin yapt\u0131\u011f\u0131 i\u015flerden sadece bir k\u0131sm\u0131d\u0131r.<\/p>\t\t\t\t\t\t<\/div>\n\t\t\t\t<\/div>\n\t\t\t\t\t<\/div>\n\t\t<\/div>\n\t\t\t\t\t<\/div>\n\t\t<\/section>\n\t\t\t\t<\/div>\n\t\t\n    <div class=\"xs_social_share_widget xs_share_url after_content \t\tmain_content  wslu-style-1 wslu-share-box-shaped wslu-fill-colored wslu-none wslu-share-horizontal wslu-theme-font-no wslu-main_content\">\n\n\t\t\n        <ul>\n\t\t\t        <\/ul>\n    <\/div> \n","protected":false},"excerpt":{"rendered":"<p>Greyder Kursu Greyder Operat\u00f6r\u00fc Greyder Operat\u00f6r\u00fc, kendi ba\u015f\u0131na ve belirli bir s\u00fcre i\u00e7erisinde, greyder kullanarak yol ve arazide tesviye, reglaj, \u015fev kesme, hendek a\u00e7ma vb. y\u00fczey i\u015flemleri ile zemin gev\u015fetme ve kar temizleme i\u015flemlerini emniyetli bir \u015fekilde yapma bilgi ve becerisine sahip nitelikli ki\u015fidir Greyder nedir? Genel olarak greyderler, tesviye<\/p>\n","protected":false},"author":1,"featured_media":0,"parent":0,"menu_order":0,"comment_status":"closed","ping_status":"closed","template":"","meta":{"inline_featured_image":false,"footnotes":""},"class_list":["post-2109","page","type-page","status-publish","hentry"],"_links":{"self":[{"href":"https:\/\/kizilayismakinelerikursu.com\/index.php\/wp-json\/wp\/v2\/pages\/2109","targetHints":{"allow":["GET"]}}],"collection":[{"href":"https:\/\/kizilayismakinelerikursu.com\/index.php\/wp-json\/wp\/v2\/pages"}],"about":[{"href":"https:\/\/kizilayismakinelerikursu.com\/index.php\/wp-json\/wp\/v2\/types\/page"}],"author":[{"embeddable":true,"href":"https:\/\/kizilayismakinelerikursu.com\/index.php\/wp-json\/wp\/v2\/users\/1"}],"replies":[{"embeddable":true,"href":"https:\/\/kizilayismakinelerikursu.com\/index.php\/wp-json\/wp\/v2\/comments?post=2109"}],"version-history":[{"count":0,"href":"https:\/\/kizilayismakinelerikursu.com\/index.php\/wp-json\/wp\/v2\/pages\/2109\/revisions"}],"wp:attachment":[{"href":"https:\/\/kizilayismakinelerikursu.com\/index.php\/wp-json\/wp\/v2\/media?parent=2109"}],"curies":[{"name":"wp","href":"https:\/\/api.w.org\/{rel}","templated":true}]}}